{"id":1913,"date":"2017-04-04T14:18:02","date_gmt":"2017-04-04T12:18:02","guid":{"rendered":"http:\/\/www.itluxembourg.lu\/site\/?page_id=1913"},"modified":"2020-05-21T22:05:40","modified_gmt":"2020-05-21T20:05:40","slug":"varonis","status":"publish","type":"page","link":"https:\/\/www.itluxembourg.lu\/site\/","title":{"rendered":"Varonis"},"content":{"rendered":"\n<p class=\"has-drop-cap\">Avec 10 ans d&#8217;exp\u00e9rience dans la mise en place et le suivi de projets Varonis et protection des donn\u00e9es pour des clients de toutes tailles, IT Luxembourg vous assiste et vous guide \u00e0 travers toutes les \u00e9tapes.<\/p>\n\n\n\n<p>Pour toute question concernant Varonis ou pour un essai gratuit n&#8217;h\u00e9sitez pas \u00e0 <a href=\"https:\/\/www.itluxembourg.lu\/site\/contact\/\" target=\"_blank\" rel=\"noreferrer noopener\">nous contacter<\/a>.<\/p>\n\n\n\n<figure class=\"wp-block-image\"><img loading=\"lazy\" decoding=\"async\" width=\"770\" height=\"376\" src=\"https:\/\/www.itluxembourg.lu\/site\/wp-content\/uploads\/2018\/08\/varonis-partner.png\" alt=\"\" class=\"wp-image-2677\" srcset=\"https:\/\/www.itluxembourg.lu\/site\/wp-content\/uploads\/2018\/08\/varonis-partner.png 770w, https:\/\/www.itluxembourg.lu\/site\/wp-content\/uploads\/2018\/08\/varonis-partner-510x249.png 510w, https:\/\/www.itluxembourg.lu\/site\/wp-content\/uploads\/2018\/08\/varonis-partner-300x146.png 300w, https:\/\/www.itluxembourg.lu\/site\/wp-content\/uploads\/2018\/08\/varonis-partner-768x375.png 768w\" sizes=\"auto, (max-width: 770px) 100vw, 770px\" \/><\/figure>\n\n\n\n<ul class=\"wp-block-list\"><li>Prise en main de la solution, pr\u00e9sentation des concepts-cl\u00e9s de Varonis dans le cadre de la protection des donn\u00e9es.<\/li><li>Formation et accompagnement personnalis\u00e9s pour vous-m\u00eame et vos \u00e9quipes.<\/li><li>Assistance pour que vous puissiez rapidement vous approprier la solution.<\/li><li>Best practices : Varonis permet de faire beaucoup de choses diff\u00e9rentes et met \u00e0 disposition de nombreux rapports. Afin de ne pas perdre de temps nous \u00e9tablissons avec vous une m\u00e9thode d\u2019utilisation qui convienne \u00e0 votre environnement et vous apporte les informations les plus utiles rapidement.<\/li><li>Discussion de la meilleure approche pour la gestion de vos donn\u00e9es. Retour d\u2019exp\u00e9rience bas\u00e9 sur l&#8217;exp\u00e9rience concr\u00e8te chez de nombreux autres clients, et d\u00e9termination avec vous de l\u2019approche qui corresponde le mieux \u00e0 votre environnement et \u00e0 vos donn\u00e9es.<br><\/li><li>Analyse des risques pour vos donn\u00e9es et propositions d\u2019am\u00e9lioration.<br><\/li><li>Elaboration de rapports selon vos besoins.<br><\/li><li>Mise en place d\u2019alertes adapt\u00e9es \u00e0 votre environnement.<br><\/li><li>D\u00e9tection d\u2019incidents de s\u00e9curit\u00e9 tels que des cryptolockers ou une utilisation abusive de vos donn\u00e9es.<br><\/li><li>Revue et clean-up des droits d\u2019acc\u00e8s, identification de ressources inutilis\u00e9es qui peuvent \u00eatre archiv\u00e9es.<br><\/li><li>V\u00e9rification des acc\u00e8s effectifs sur les ressources, statistique d\u2019utilisation.<br><\/li><li>Proposition d\u2019am\u00e9lioration des droits d\u2019acc\u00e8s et de l\u2019organisation des donn\u00e9es.<br><\/li><li>D\u00e9veloppement d\u2019applications ou d\u2019interfaces entre Varonis et d\u2019autres syst\u00e8mes selon vos besoins.<\/li><\/ul>\n\n\n\n<p><a href=\"https:\/\/www.itluxembourg.lu\/site\/contact\/\" target=\"_blank\" rel=\"noreferrer noopener\">Contactez-nous d\u00e8s maintenant<\/a>&nbsp;pour discuter de vos besoins en s\u00e9curit\u00e9 et voir comment am\u00e9liorer votre s\u00e9curit\u00e9.<\/p>\n\n\n\n<figure class=\"wp-block-image\"><img loading=\"lazy\" decoding=\"async\" width=\"1024\" height=\"144\" src=\"https:\/\/www.itluxembourg.lu\/site\/wp-content\/uploads\/2018\/08\/banner-website-2_03-1024x144.png\" alt=\"\" class=\"wp-image-2670\" srcset=\"https:\/\/www.itluxembourg.lu\/site\/wp-content\/uploads\/2018\/08\/banner-website-2_03-1024x144.png 1024w, https:\/\/www.itluxembourg.lu\/site\/wp-content\/uploads\/2018\/08\/banner-website-2_03-510x72.png 510w, https:\/\/www.itluxembourg.lu\/site\/wp-content\/uploads\/2018\/08\/banner-website-2_03-300x42.png 300w, https:\/\/www.itluxembourg.lu\/site\/wp-content\/uploads\/2018\/08\/banner-website-2_03-768x108.png 768w, https:\/\/www.itluxembourg.lu\/site\/wp-content\/uploads\/2018\/08\/banner-website-2_03.png 1076w\" sizes=\"auto, (max-width: 1024px) 100vw, 1024px\" \/><\/figure>\n","protected":false},"excerpt":{"rendered":"<p>Avec 10 ans d&#8217;exp\u00e9rience dans la mise en place et le suivi de projets Varonis et protection des donn\u00e9es pour des clients de toutes tailles, IT Luxembourg vous assiste et<\/p>\n","protected":false},"author":1,"featured_media":0,"parent":0,"menu_order":0,"comment_status":"open","ping_status":"open","template":"","meta":{"footnotes":""},"class_list":["post-1913","page","type-page","status-publish","hentry"],"amp_enabled":false,"_links":{"self":[{"href":"https:\/\/www.itluxembourg.lu\/site\/wp-json\/wp\/v2\/pages\/1913","targetHints":{"allow":["GET"]}}],"collection":[{"href":"https:\/\/www.itluxembourg.lu\/site\/wp-json\/wp\/v2\/pages"}],"about":[{"href":"https:\/\/www.itluxembourg.lu\/site\/wp-json\/wp\/v2\/types\/page"}],"author":[{"embeddable":true,"href":"https:\/\/www.itluxembourg.lu\/site\/wp-json\/wp\/v2\/users\/1"}],"replies":[{"embeddable":true,"href":"https:\/\/www.itluxembourg.lu\/site\/wp-json\/wp\/v2\/comments?post=1913"}],"version-history":[{"count":22,"href":"https:\/\/www.itluxembourg.lu\/site\/wp-json\/wp\/v2\/pages\/1913\/revisions"}],"predecessor-version":[{"id":3077,"href":"https:\/\/www.itluxembourg.lu\/site\/wp-json\/wp\/v2\/pages\/1913\/revisions\/3077"}],"wp:attachment":[{"href":"https:\/\/www.itluxembourg.lu\/site\/wp-json\/wp\/v2\/media?parent=1913"}],"curies":[{"name":"wp","href":"https:\/\/api.w.org\/{rel}","templated":true}]}}